posite?
True
Let p = 48 - 45. Suppose -163 = -p*t + 2*t. Is t composite?
False
Suppose 4*h = 5*h + 1913. Let b = 758 - h. Is b a prime number?
True
Let u = 2 + -1. Let l be u/(-1 + 5/4). Suppose 935 = 9*j - l*j. Is j a prime number?
False
Let j(u) = 6*u**3 + 14*u**2 - 2*u - 5. Is j(6) a prime number?
True
Suppose o + 34 - 5697 = 0. Is o a prime number?
False
Suppose -3*g + 2*a = a - 89363, 0 = 2*g + a - 59582. Is g a composite number?
False
Let l be 3/12 - 54/(-8). Let d(z) = -62*z + 10 + 198*z - 49*z - 66*z. Is d(l) a prime number?
True
Suppose 4*r - 98 = -2*n, 3*r - 238 = -5*n - 0*n. Is n a composite number?
False
Let q(t) = 304*t**2 + 12*t - 45. Is q(-16) a composite number?
False
Suppose -6*j + 18 = -t - j, 5*t + j - 14 = 0. Suppose c - g - 1090 = 0, -3*c + 1093 = -t*c - 2*g. Is c composite?
False
Is (3/((-9)/8285))/(3/(-9)) prime?
False
Is (252838 - 4/(-1))/(2 - 0) a composite number?
False
Let p(t) = 241*t + 7. Let h be p(4). Suppose -5*d + 1734 = -h. Is d composite?
False
Let u(r) = 8*r + 3. Let j(d) = -d**3 - 9*d**2 + 8*d + 2. Let l be j(-10). Suppose -4*v - 4*x = -33 + 9, -4*v - 3*x + l = 0. Is u(v) composite?
True
Suppose -4*z = d - 7840, 2*d = -4*z + z + 5880. Suppose 3*s = -s + z. Suppose v - 181 = -k, -2*v = 5*k - s - 403. Is k a composite number?
True
Suppose 5*y = d - 580, d + 23 - 607 = 4*y. Is 1*-1 + d/4 prime?
True
Suppose 0 = -4*d - 4*z + 1816, 0*d - 1808 = -4*d + 4*z. Let v = -146 + d. Suppose -v + 3015 = 4*w. Is w a prime number?
True
Suppose -7*k + 11*k + 4*c = -40, 4*k + 3*c + 40 = 0. Let o(v) be the second derivative of -v**4/12 - 11*v**3/6 + 3*v**2/2 - v. Is o(k) composite?
False
Let h be (5 - -7)/(1 + -3). Let a(q) = 207*q**2 + 2*q + 11. Is a(h) composite?
False
Let g = -24 - -29. Suppose -4*o + g*o = 5. Suppose -2*i = -2*t + 134, 0 = -5*t + o*i - 2*i + 335. Is t a composite number?
False
Suppose k + 5*l = 1332, -6*k + 2739 = -4*k - 5*l. Is k prime?
False
Let w(a) be the second derivative of a**5/20 - 2*a**4/3 + 4*a**3/3 + 4*a. Let s be w(8). Suppose s = 3*p - 89. Is p a composite number?
True
Is 7 - (-13560)/(3 + 3) prime?
True
Suppose -5*i + 76685 = -73*s + 71*s, 2*s + 46007 = 3*i. Is i a prime number?
False
Suppose 4*v - 5*v + 39 = 0. Let z(s) = -5 + 2*s + v*s**2 - 6*s**2 + 2 + 2. Is z(-2) a prime number?
True
Let h(z) = 92*z - 17. Let l(x) = 1. Let v(i) = -h(i) + 4*l(i). Is v(-4) a composite number?
False
Suppose 64 = -5*u - 21. Let q = 34 + u. Suppose -n - q + 196 = 0. Is n a composite number?
False
Let a(n) = -n**3 + 15*n**2 - 2*n + 1. Let i be a(12). Let y = -210 + i. Is y a prime number?
True
Let d = -789 - -1228. Is d prime?
True
Is 6 + (0 - (-4179)/3) a prime number?
True
Suppose 0*v - 16*v = -20640. Let y = v + -607. Is y a composite number?
False
Let w(v) = v**3 - 2*v**2 - 7*v - 6. Let f be w(4). Let x(s) = -s**3 + 6*s**2 + 8*s - 8. Let a be x(8). Is (f - -1)*(a - -7) a composite number?
True
Let b(c) = c**3 + c**2 + c + 419. Let l be 4*(-1)/(-4) + -1. Suppose -7*h + 4*h = l. Is b(h) a composite number?
False
Let o(u) = u**3 + 14*u**2 + 22*u + 125. Is o(-12) composite?
False
Suppose 2*i - 4*i = 0. Suppose i = -g - g. Suppose g = 3*v + z - 341, 134 = -4*v - 2*z + 590. Is v a composite number?
False
Suppose 4*m = 4*j - 12, -3*m - 1 = 8. Let s(x) = x**2 + x. Let t be s(j). Suppose t = -21*r + 19*r + 52. Is r a composite number?
True
Let d = -129 - -128. Is 0/(-1) - 2305*d composite?
True
Let j(f) = -19*f**2 + 9*f - 8. Let y be j(6). Let h(s) = -15*s**3 + 6*s**2 + 5*s - 1. Let q be h(-4). Let t = y + q. Is t a prime number?
True
Let n be 382 + 7/((-14)/4). Suppose -4*r + 0*r + n = 0. Suppose j = 3*w + r, 2*j - 4*w = -2*j + 364. Is j prime?
True
Let y(i) = -80*i + 78. Is y(-10) a prime number?
False
Suppose 0 = -5*d - 5*b - 915, 7*d = 2*d + 5*b - 915. Let f = d - -605. Is f composite?
True
Let v(s) = -s**2 - 1. Let o be v(-1). Let t be o - 2*(-1 + -1). Suppose 145 = 2*z + 5*f, -t*z - 5*f + 136 = -3*f. Is z a prime number?
False
Suppose -3*y - 16 + 3 = -5*b, -b - 4*y = 2. Suppose -3*g - b*g + 2035 = 0. Is g a prime number?
False
Suppose 4*b = 4*r - 24, 0*r - 6 = -r - 4*b. Suppose 0 = u - r*u - 35. Is 9*8 - (-9 - u) composite?
True
Let d = 66915 + -40612. Is d a prime number?
False
Let g(x) = -x**3 - 9*x**2 + 11*x + 11. Let b be g(-10). Let v(a) = 98*a**2 - a - 47 + 47. Is v(b) prime?
True
Suppose -u = 2*u - 366. Suppose 2*v - l - 161 = 0, 5*v + l - u - 270 = 0. Is v a prime number?
True
Let w = -29011 - -67734. Is w composite?
False
Is 12/(-4)*(2 - 20278/6) prime?
True
Suppose -84*l = -89*l + a + 136809, 0 = 2*l - 2*a - 54730. Is l composite?
False
Suppose 0 = -12*x - 5*x + 183107. Is x a composite number?
False
Suppose 2*w - 14 = 14. Is 2 + (-32)/w + 11853/7 a composite number?
False
Suppose -3*v + 4 = 16, -2*v = -5*f + 63. Suppose 2*l - f = 9. Let c(y) = y**2 + 2*y - 5. Is c(l) a prime number?
False
Suppose -12 = -2*z - 4. Let h be 453 + 0 - 4/z. Suppose -h = -5*d + d. Is d composite?
False
Let s be (2/4 - 1)/(1/286). Is (-4 - s - -2)*1 a composite number?
True
Suppose -4*r + 595 = l, -r = -l - 3*l - 153. Is r a prime number?
True
Let k = -3213 + 7984. Is k a prime number?
False
Let g = -1867 + 5684. Is g prime?
False
Let l(m) = -2*m**3 - 5*m**2 + 5*m. Let i be l(-5). Let u = -33 + i. Is u prime?
True
Let o(y) = -y**2 - 2*y - 2. Let f(q) = -q**2 - q - 1. Let w(n) = 4*f(n) - 5*o(n). Let u = 153 + -146. Is w(u) prime?
True
Suppose 2*f - 4*x + 192 = 0, -2*f - 178 = 2*x + 20. Let s = 1053 - f. Is s a prime number?
True
Let a = 20 - 40. Let s = a + 19. Is s*(-3)/(9/2049) a prime number?
True
Let b be (-1 + (-6)/4 + 0)*-222. Suppose -5*c + 1668 = 2*w, -3*c + 3*w + 1000 = 4*w. Suppose -b - c = -j. Is j composite?
False
Let u(o) = 61*o + 13. Let k(a) = -61*a - 13. Let q(l) = 4*k(l) + 5*u(l). Let m = 18 + -8. Is q(m) composite?
True
Let n = 14536 + -8355. Is n prime?
False
Suppose -3*q + 2 = 14. Is (-9)/(q + 7) - 121*-2 composite?
False
Suppose 3*j + 2*f = 16, j - 18 = -4*f - 6. Suppose -j*x = -5*x + 33. Is x a composite number?
True
Suppose 29*p = 14*p + 50295. Is p prime?
False
Let z(w) = -87*w**3 + 6*w**2 + 10*w + 3. Is z(-2) prime?
False
Is (6/3)/(4/74940*10) a prime number?
False
Let j = -266 - -509. Suppose 3*i + 406 = 5*a - 0*i, 2*i = 3*a - j. Is a a prime number?
True
Let q(r) = -4*r + 20. Let s be q(5). Is (1 + s)/(3 - 5440/1814) composite?
False
Let j be (-88)/10*(10 - 5). Let s = j - -135. Suppose 0*o = -o + s. Is o prime?
False
Let z = 3730 + -1799. Is z a composite number?
False
Let y = -4906 + 2056. Let c = -1451 - y. Is c prime?
True
Let f be (2/3)/((-5)/(-30)). Suppose u + 4 = -f*x, 0 = 2*u - 5*x + x - 16. Suppose 3*k + 214 = u*p - 31, -4*k + 4 = 0. Is p composite?
True
Let f(m) be the second derivative of -5/2*m**2 + 0 - 5/3*m**3 + 2/3*m**4 - 10*m. Is f(6) composite?
False
Let n be -68*(3 + (-21)/6). Let s = n - 118. Let m = s - -207. Is m a prime number?
False
Let b(f) = 18*f**3 - f**2 - f - 1. Let a be b(-1). Let k = a - -16. Is k/(-15) + 368/10 a composite number?
False
Let l(o) = 9*o + o + 8*o + 3 - 15*o. Let z be l(-3). Is 2/z + (-583)/(-3) a composite number?
True
Suppose 5*s + 2390 = 2*a + 3*a, -4*s - 4*a - 1952 = 0. Let f = 1259 + s. Let b = 267 + f. Is b a prime number?
False
Let z(d) = 2*d**3 + 13*d**2 + 16*d - 60. Is z(13) composite?
True
Let r = -22008 - -34451. Is r a composite number?
True
Suppose 0 = -2*k - 14 - 2. Is (-49154)/k - (-57)/76 composite?
True
Let q(a) = 33*a + 34. Suppose -20*d + 17*d + 21 = 0. Is q(d) a prime number?
False
Suppose 0*n - 5*w = -n - 979, 0 = -w. Is 15/(-15) - (n - 1) a prime number?
False
Is ((-23228)/36*-6)/((-4)/(-6)) composite?
False
Let r(g) be the third derivative of 7*g**4/4 + g**3/6 - 2*g**2. Let d(p) = -6*p. Let h be d(-1). Is r(h) composite?
True
Let p(y) = -y + 12. Let a be p(7). Suppose -3*f - 4*i + 2 = -5, -f + a*i + 15 = 0. Suppose 3*o - j - 35 = 1619, -5*o - f*j = -2790. Is o composite?
True
Suppose p + 1 = 0, 0 = -2*q + 4*p - 2*p - 2714. Let d = q - -4101. Is d a prime number?
False
Let y = -1802 + 2795. Is y a composite number?
True
Suppose -53*g - 3466 = -55*g. Is g prime?
True
Suppose -58*y - 306557 = -99*y. Is y a composite number?
False
Let s = -145 - -221. Let x = -53 + s. Let t = 60 - x. Is t a prime number?
True
Suppose 5*p = 236 +